digit of 10527?
2
What is the ten thousands digit of 84848?
8
What is the thousands digit of 6012?
6
What is the hundreds digit of 261?
2
What is the units digit of 47639?
9
What is the units digit of 1671?
1
What is the ten thousands digit of 33264?
3
What is the units digit of 645?
5
What is the thousands digit of 4948?
4
What is the units digit of 253?
3
What is the hundred thousands digit of 113561?
1
What is the tens digit of 9631?
3
What is the units digit of 14684?
4
What is the hundreds digit of 78902?
9
What is the units digit of 148199?
9
What is the units digit of 4163?
3
What is the units digit of 34581?
1
What is the units digit of 41728?
8
What is the units digit of 14071?
1
What is the tens digit of 11113?
1
What is the units digit of 2203?
3
What is the ten thousands digit of 19013?
1
What is the tens digit of 6277?
7
What is the tens digit of 583?
8
What is the hundreds digit of 1519?
5
What is the units digit of 10312?
2
What is the tens digit of 47741?
4
What is the thousands digit of 2858?
2
What is the tens digit of 1820?
2
What is the tens digit of 10233?
3
What is the units digit of 99?
9
What is the hundreds digit of 953?
9
What is the thousands digit of 50199?
0
What is the hundreds digit of 374?
3
What is the ten thousands digit of 50529?
5
What is the thousands digit of 4960?
4
What is the units digit of 32243?
3
What is the thousands digit of 1775?
1
What is the thousands digit of 24529?
4
What is the hundreds digit of 1280?
2
What is the hundreds digit of 1154?
1
What is the hundreds digit of 96719?
7
What is the hundreds digit of 68976?
9
What is the hundreds digit of 12623?
6
What is the units digit of 10631?
1
What is the units digit of 43707?
7
What is the tens digit of 112?
1
What is the hundreds digit of 13200?
2
What is the units digit of 25597?
7
What is the tens digit of 1064?
6
What is the tens digit of 58514?
1
What is the thousands digit of 75173?
5
What is the thousands digit of 4715?
4
What is the hundreds digit of 8654?
6
What is the units digit of 413?
3
What is the thousands digit of 14115?
4
What is the thousands digit of 1525?
1
What is the tens digit of 2818?
1
What is the tens digit of 2408?
0
What is the ten thousands digit of 31117?
3
What is the thousands digit of 1494?
1
What is the units digit of 1428?
8
What is the tens digit of 5589?
8
What is the tens digit of 4526?
2
What is the ten thousands digit of 73226?
7
What is the thousands digit of 14581?
4
What is the tens digit of 1500?
0
What is the thousands digit of 1187?
1
What is the hundreds digit of 37622?
6
What is the hundreds digit of 2638?
6
What is the units digit of 1224?
4
What is the tens digit of 5745?
4
What is the tens digit of 9189?
8
What is the thousands digit of 26420?
6
What is the thousands digit of 5861?
5
What is the thousands digit of 22168?
2
What is the units digit of 6094?
4
What is the hundreds digit of 1031?
0
What is the thousands digit of 17174?
7
What is the tens digit of 437?
3
What is the hundreds digit of 10678?
6
What is the hundreds digit of 34224?
2
What is the tens digit of 678?
7
What is the ten thousands digit of 23012?
2
What is the tens digit of 1433?
3
What is the units digit of 2809?
9
What is the thousands digit of 8430?
8
What is the thousands digit of 15711?
5
What is the tens digit of 1607?
0
What is the hundreds digit of 17495?
4
What is the tens digit of 5783?
8
What is the thousands digit of 5900?
5
What is the units digit of 2899?
9
What is the tens digit of 821?
2
What is the tens digit of 3098?
9
What is the hundreds digit of 868?
8
What is the tens digit of 13?
1
What is the tens digit of 25821?
2
What is the units digit of 901?
1
What is the tens digit of 17355?
5
What is the tens digit of 168?
6
What is the units digit of 26259?
9
What is the hundreds digit of 1300?
3
What is the thousands digit of 1458?
1
What is the tens digit of 27618?
1
What is the hundreds digit of 21161?
1
What is the hundreds digit of 8015?
0
What is the tens digit of 5421?
2
What is the thousands digit of 99023?
9
What is the units digit of 734?
4
What is the units digit of 56846?
6
What is the units digit of 86678?
8
What is the ten thousands digit of 23495?
2
What is the hundreds digit of 6318?
3
What is the thousands digit of 19990?
9
What is the hundreds digit of 6959?
9
What is the tens digit of 5498?
9
What is the units digit of 6196?
6
What is the hundreds digit of 81915?
9
What is the hundreds digit of 2625?
6
What is the units digit of 31578?
8
What is the units digit of 240?
0
What is the units digit of 41492?
2
What is the units digit of 9499?
9
What is the hundreds digit of 57560?
5
What is the hundreds digit of 3952?
9
What is the thousands digit of 11308?
1
What is the hundreds digit of 1653?
6
What is the tens digit of 17586?
8
What is the hundreds digit of 42678?
6
What is the tens digit of 4754?
5
What is the thousands digit of 16383?
6
What is the tens digit of 6617?
1
What is the tens digit of 846?
4
What is the hundreds digit of 4380?
3
What is the thousands digit of 178932?
8
What is the units digit of 6974?
4
What is the tens digit of 9033?
3
What is the thousands digit of 50437?
0
What is the hundreds digit of 562?
5
What is the units digit of 7005?
5
What is the tens digit of 51087?
8
What is the units digit of 64365?
5
What is the ten thousands digit of 11711?
1
What is the units digit of 163?
3
What is the thousands digit of 2149?
2
What is the thousands digit of 6756?
6
What is the tens digit of 1325?
2
What is the units digit of 1520?
0
What is the thousands digit of 151887?
1
What is the hundreds digit of 8954?
9
What is the thousands digit of 4569?
4
What is the tens digit of 309?
0
What is the units digit of 1693?
3
What is the units digit of 636?
6
What is the units digit of 87?
7
What is the units digit of 6614?
4
What is the tens digit of 4012?
1
What is the hundreds digit of 2928?
9
What is the hundreds digit of 897?
8
What is the units digit of 19204?
4
What is the thousands digit of 28989?
8
What is the tens digit of 16992?
9
What is the hundreds digit of 1448?
4
What is the hundred thousands digit of 146182?
1
What is the tens digit of 3390?
9
What is the tens digit of 5649?
4
What is the hundreds digit of 10428?
4
What is the units digit of 511?
1
What is the tens digit of 620?
2
What is the hundreds digit of 1153?
1
What is the tens digit of 3701?
0
What is the units digit of 1171?
1
What is the hundreds digit of 17954?
9
What is the units digit of 7292?
2
What is the units digit of 18678?
8
What is the tens digit of 3222?
2
What is the units digit of 172?
2
What is the units digit of 6417?
7
What is the units digit of 487?
7
What is the thousands digit of 1268?
1
What is the tens digit of 895?
9
What is the units digit of 7?
7
What is the thousands digit of 1709?
1
What is the thousands digit of 25731?
5
What is the units digit of 55590?
0
What is the tens digit of 24001?
0
What is the hundreds digit of 11593?
5
What is the hundreds digit of 2730?
7
What is the ten thousands digit of 10581?
1
What is the ten thousands digit of 15368?
1
What is the ten thousands digit of 51390?
5
What is the hundreds digit of 3254?
2
What is the units digit of 309?
9
What is the units digit of 1003?
3
What is the hundreds digit of 2568?
5
What is the tens digit of 898?
9
What is the ten thousands digit of 53064?
5
What is the hundreds digit of 2892?
8
What is the units digit of 1833?
3
What is the thousands digit of 4561?
4
What is the units digit of 9309?
9
What is the thousands digit of 72395?
2
What is the units digit of 149865?
5
What is the units digit of 296?
6
What is the units digit of 25197?
7
What is the units digit of 39308?
8
What is the hundreds digit of 8908?
9
What is the thousands digit of 5638?
5
What is the tens digit of 132?
3
What is the units digit of 3062?
2
What is the units digit of 2459?
9
What is the hundreds digit of 111599?
5
What is the units digit of 411?
1
What is the thousands digit of 4507?
4
What is the hundreds digit of 6390?
3
What is the units digit of 27415?
5
What is the ten thousands digit of 11120?
1
What is the units digit of 11067?
7
What is the units digit of 14861?
1
What is the thousands digit of 58740?
8
What is the thousands digit o